15?
5
Suppose -4*h + 13652 = 2*m, 114 - 10353 = -3*h + 4*m. What is the hundreds digit of h?
4
Let q(g) = g**3 + 21*g**2 - 19*g + 5. Suppose 4*i + 2*h + 88 = 0, -3*i + 8*h = 3*h + 53. Let n be q(i). What is the tens digit of (4 - 0)/(4/n*2)?
0
Let h(o) be the third derivative of 37*o**6/12 - o**5/20 + o**4/24 + o**3/6 - 105*o**2. What is the tens digit of h(1)?
6
What is the thousands digit of (-2 + (-83 - -7))*2285/(-10)?
7
Suppose 141*j = 144*j - 12138. What is the tens digit of j?
4
Suppose 0 = -5*a + 2*t + 21436, 3*t + 7 = -2. What is the hundreds digit of a?
2
Suppose -3*x + 453*z = 458*z - 91080, x - 30349 = 2*z. What is the units digit of x?
5
Let w be (1*1/2)/((-98)/(-88004)). Suppose w = 10*v - 561. What is the units digit of v?
1
Let j(h) = 257*h**3 - 4*h**2 + 19*h - 31. Let s be j(2). Let f = s - 1183. What is the tens digit of f?
6
Let x = 70 + -30. Let q = x + -36. Suppose 350 = q*m + 62. What is the units digit of m?
2
Let x(g) = -g**2 - 14*g + 52. Let b be x(-18). What is the units digit of (-296)/b*(-12 + 112)?
0
Let q(p) = 28*p**2 - 129*p - 483. What is the thousands digit of q(34)?
7
Suppose 53*d - 40*d = 351. Suppose 16*z + 3564 = d*z. What is the hundreds digit of z?
3
Let s(k) = -k**2 + 61*k + 15. Let w(v) = v**2 - 60*v - 17. Let f(o) = 4*s(o) + 3*w(o). What is the hundreds digit of f(16)?
7
Let b(a) = -a**3 - 9*a**2 + 20*a + 15. Let k = 60 + -70. Let s be b(k). Let u = 177 + s. What is the tens digit of u?
9
Let k(x) be the third derivative of 137*x**5/60 + x**4/24 - 2*x**3/3 + x**2 + 5. What is the hundreds digit of k(2)?
5
Let q(u) = 96*u**2. Let w be q(-1). Suppose -16*k + 715 = -821. Suppose k = 2*g - w. What is the units digit of g?
6
Let b be -4 + (-1)/((-4)/12) - -40. Suppose 0 = 35*r - b*r + 12. What is the tens digit of (r - -57) + 4 - -3?
6
Let a(v) = 1609*v - 1162. What is the thousands digit of a(4)?
5
What is the thousands digit of (-44326)/(-8) - 30/(-120)?
5
Suppose -5*n + 3*n + 8 = 0. Let z = n + -8. What is the units digit of z + 13/((-52)/(-240))?
6
Let m(x) = -x**2 - 21. Let y be m(11). Let s = y - -92. Let v = -46 - s. What is the units digit of v?
4
Let a(p) = 207*p**2 + 60*p + 208. What is the thousands digit of a(-4)?
3
Let n(d) = -6*d**3 - 62*d**2 - 19*d + 326. What is the tens digit of n(-19)?
5
Let w = -1787 + 2898. Let j = w - 663. What is the tens digit of j?
4
Suppose -1 = i + 4, -l + 4 = i. Suppose 5*p = -l*p + 112. Suppose t + p*t - 180 = 0. What is the tens digit of t?
2
Let b(j) = -71*j**2 - 2*j - 2. Let r(d) = -d**2 - 13*d - 31. Let f be r(-10). Let w be b(f). Let x = 214 + w. What is the hundreds digit of x?
1
Let v(p) = -3*p**2 - 30*p + 18. Let n be v(-10). Let a(j) = 21*j - 20. What is the hundreds digit of a(n)?
3
Let r(y) = y**2 - 7*y + 12. Let k be r(4). Suppose -6*x - x + 28 = k. Suppose 3*o - 5*o + 92 = 5*z, -x*o + 2*z = -160. What is the units digit of o?
1
Suppose -46*m + 29*m - 936891 = -58*m. What is the thousands digit of m?
2
What is the thousands digit of (3/(15/2))/((-253)/(-3306710))?
5
Suppose 3*d - 4*z + 1561 = 3924, -4*d + 3138 = z. Suppose -402*n = -401*n - d. What is the tens digit of n?
8
Suppose 70291 = 2*c + 3*j, 7*j = c + 9*j - 35146. What is the ten thousands digit of c?
3
Let y be (286 + -3)/(-3 - -2). Let p = y + 1245. What is the hundreds digit of p?
9
Suppose 15355 = l + 2*f, 5*l - 12*f - 54978 = 21643. What is the ten thousands digit of l?
1
Let c be -49 + 12 + 8 - 4*(1 + -2). Let v be (-2)/(-1)*1 + 80. Let w = v + c. What is the units digit of w?
7
Let q = -95 + 100. Suppose -5*g - q*v = -350, 22 = -5*v - 3. Suppose g = 8*y - 213. What is the tens digit of y?
3
Let c be 30/(20/12 - (-3)/9). Let q = 32 - c. Let f = q - -24. What is the units digit of f?
1
Suppose 2*g + g = 12. Let v be (g/3)/(6/9). Suppose 4*m = v*b + 334 + 268, 0 = -4*m - 2*b + 598. What is the units digit of m?
0
Suppose -3*m - 43173 = -5*k, 0 = m - 2 + 3. Suppose 4*i - 2*v - k = -3114, -i + 1390 = 2*v. What is the units digit of i?
2
Suppose -16 - 29 = -5*z. Let v be -3*z/((-81)/120). Suppose -r + 176 = -v. What is the tens digit of r?
1
Let c(v) = -12*v**2 - 26 - 2*v**3 + 13*v + 9 + 3*v**3 + 18*v. What is the units digit of c(12)?
5
Suppose -m = 5*r - 15482, -5*m + 88391 = -4*r + 10807. What is the units digit of m?
2
Let w(n) = 2*n + 16. Let b(y) = y + 5. Let u(o) = -20*b(o) + 6*w(o). Let r(v) = v**3 - 15*v**2 + 11*v + 29. Let z be r(14). What is the hundreds digit of u(z)?
1
Let q(b) = 82*b**2 + 10*b + 198. What is the units digit of q(-10)?
8
Suppose 375336 = 20*g - 14*g + 30*g. What is the units digit of g?
6
Let d(p) be the first derivative of -29*p**4/4 + p**2/2 - p - 179. What is the units digit of d(-2)?
9
Let j(x) = 2*x**3 + 4*x**2 + 2*x - 7. Let y be j(-4). Let p = y + 82. Suppose p*r + 173 = d + 43, -4*r + 440 = 4*d. What is the units digit of d?
5
Let y(m) = -4*m**2 + 4*m - 11. Let v(c) = -3*c**2 + 3*c - 11. Let q(w) = 6*v(w) - 5*y(w). Let a = -1718 + 1725. What is the units digit of q(a)?
3
Let l(i) = -21*i - 39. Let g be l(-7). Let d be (1 + (0 - -51))*2/4. Let y = d + g. What is the units digit of y?
4
What is the thousands digit of -1 - 12/8 - (-117704)/16?
7
Let k(a) = a**3 - 48*a**2 - 148*a + 121. What is the tens digit of k(53)?
2
Let d = 3289 - -654. What is the thousands digit of d?
3
Let q = -12707 - -30964. What is the ten thousands digit of q?
1
Suppose m = -5*x + 8680, -4*m - 4*x = -35851 + 1035. What is the hundreds digit of m?
7
Let o = 71314 - 49191. What is the ten thousands digit of o?
2
Let y(o) = o**3 - 12*o**2 - 2*o + 24. Let i be y(12). What is the units digit of i + 587 - (-1 - 3)?
1
Suppose -36*o + 32*o = -184. Suppose -8 = 4*i, -f + 392 = 3*f - 4*i. Suppose -n - 3*y = -o, -4*n - 2*y = -2*n - f. What is the units digit of n?
9
Let c = -2457 + 1407. Let w = -596 - c. What is the hundreds digit of w?
4
Suppose -18*m - 228 = -22*m. Let h = -57 + m. What is the units digit of 5 - 8 - (-160 - h)?
7
What is the thousands digit of (-2)/(-10) - 557874/(-30)?
8
Let u = 56 + -52. Suppose u*w + 12 = 4*z - w, 5*z - 15 = -w. What is the tens digit of (-300)/9*(6/(-4) - z)?
5
Suppose -15*s + 7740 = -10*s. Suppose 0 = 24*x - 30*x + s. What is the tens digit of x?
5
Let n = -1 - -9. Suppose -j - 5*x - 13 = 14, 0 = -2*j - 3*x - 33. What is the tens digit of (-1540)/(-15) + n/j?
0
Let k = 22 + -22. Suppose 24*j - 4609 - 5927 = k. What is the tens digit of j?
3
Suppose 6 = 2*c + 20, 3*h - 5*c - 102467 = 0. What is the hundreds digit of h?
1
Let l(p) = 1. Let h(q) = -31*q - 73. Let a(f) = -h(f) + 4*l(f). Let z = -615 - -621. What is the tens digit of a(z)?
6
Let q = 1406 + -82. Suppose q = 25*i - 8826. What is the tens digit of i?
0
Suppose 3*c = 5 - 17. Let r be (3/c)/((-22)/16 + 1). Let u(q) = -6*q + 18. What is the units digit of u(r)?
6
Let b = -99 - -105. Suppose 1758 = b*j - 1134. What is the tens digit of j?
8
Let o = 177069 - 110530. What is the thousands digit of o?
6
Let t(h) = -46 + 2 - h**3 - h**2 + 21*h + 7 + 17*h**2. Let n be (-17)/(-2)*6*1/3. What is the tens digit of t(n)?
3
What is the hundreds digit of (-20233906)/(-1001) - (-4)/13?
2
Suppose 44*h - 60 = 38*h. Suppose -7*i + h*i - 82 = n, 0 = -3*i + 2*n + 80. What is the tens digit of i?
2
Suppose 27*f - 32*f + 9154 = 3*h, f - 6091 = -2*h. What is the units digit of h?
3
Let s(b) = b**2 + b - 3. Let p be s(-3). Suppose -195 = -2*h - o, -4*h + 80 = -p*h - 3*o. What is the tens digit of h?
9
Let y be (108/42)/((-6)/28 - 0). Let d = 82 + y. What is the tens digit of d?
7
Let b = 55 + -51. Suppose 0 = 2*m - b*s + 15 + 577, -2*m = -s + 592. What is the tens digit of -3*((-5)/2)/((-12)/m)?
8
Let s(y) = -y**3 - y + 113*y**2 - 2*y + 1 - 109*y**2. Let h be s(2). Suppose 0 = -h*r - 84 + 345. What is the tens digit of r?
8
Let z(k) = -20*k - 37 - 3 + 12. What is the units digit of z(-12)?
2
Suppose 2*j - 4712 = -n, -3*j + 2187 + 7233 = 2*n. Suppose -971*t + 978*t = n. What is the hundreds digit of t?
6
Suppose 0 = 11*x + x + 229887 - 1197123. What is the hundreds digit of x?
6
Let f(y) = -273*y - 1759. What is the tens digit of f(-107)?
5
Let s(o) = -o**3 - 3*o**2 - 4*o - 2. Let h be s(-2). Let w(n) = h - 11*n**3 + 12*n**3 - 8*n**2 - n + 1. What is the tens digit of w(9)?
7
Let g be (-8)/28 + (-2502)/63. Let 